5. What is the remainder when d is divided by 11?
10
Let k(l) = -7*l - 2. Let y = 3 - 2. Let v = -3 - y. Calculate the remainder when k(v) is divided by 9.
8
Let p = -29 + 64. What is the remainder when p is divided by 9?
8
Let h(u) = u**2 - 2*u. Let l be h(3). Suppose s - 4 = 0, l*s = k - 0*s + 16. Calculate the remainder when 17 is divided by 111/12 + 1/k.
8
Suppose -6*u + 195 = -u. Suppose u = 5*w - 1. Calculate the remainder when 30 is divided by w.
6
Suppose 3*m - 5*m + 24 = 0. Calculate the remainder when m is divided by 7.
5
Let r = 284 + -179. Suppose 0 = 4*o - o - 81. What is the remainder when r is divided by o?
24
Let j = -27 + 45. Suppose -l + 3*w - 4 + 23 = 0, -l + 4*w + j = 0. Calculate the remainder when 43 is divided by l.
21
Let o = 20 + 14. Calculate the remainder when o is divided by 12.
10
Suppose -c + 0*y - 3*y + 2 = 0, 0 = -3*c - y - 2. Calculate the remainder when 41 is divided by (0 - -2 - -13) + c.
13
Let w(z) = -z**2 + 9*z. Suppose 2*i + 0*g + 42 = -g, -5*g = i + 39. Let v = i - -27. What is the remainder when 29 is divided by w(v)?
5
Let b = 76 + 22. What is the remainder when b is divided by 25?
23
Calculate the remainder when 3*(548/12 + (-1 - -3)) is divided by 16.
15
Suppose 5 = -5*m, -2*k + 0*m + 3*m - 31 = 0. Let l = -8 - k. Calculate the remainder when 27 + 2 + 4*-1 is divided by l.
7
Let r(m) = m**3 - 2*m**2 - 5*m - 9. What is the remainder when r(4) is divided by 1?
0
Let r = 6 + 4. Suppose 0 = -2*m - 2*m. Suppose 2*b + m*b - 36 = 0. Calculate the remainder when b is divided by r.
8
Suppose 3*z = -3*z + 174. Let q = 63 - z. Calculate the remainder when 66 is divided by q.
32
Let d = -3 + 9. Suppose 29 = k - 3*z, 3*k + 4*z = k + 48. What is the remainder when k is divided by (d + -2)*14/4?
12
Let y = -8 - -23. What is the remainder when y is divided by 4?
3
Let q = 5 + -2. Suppose 4*u - 28 = 4*j, 6*j = 3*j + 9. What is the remainder when u is divided by (-6 - -3)*(-4)/q?
2
Suppose 5*w = 8*w - 78. What is the remainder when 49 is divided by w?
23
Suppose n = -2*x + 26, 2*x = -3*n - 2*x + 70. What is the remainder when 265/(-10)*(-2 + 0) is divided by n?
17
Calculate the remainder when 28 is divided by 6/(-15) + (-260)/(-25).
8
What is the remainder when 1/(((-4)/(-76))/1) is divided by 5?
4
Let r(h) = -h**3 - 3*h**2. Calculate the remainder when r(-4) is divided by 5.
1
Suppose -3*i + 2*i + 11 = 0. Let g = i + -6. Suppose 0 = -2*q - 2*q + 2*x + 62, -79 = -g*q + 3*x. What is the remainder when q is divided by 5?
4
Let l = 11 - -20. Let i = l - 1. What is the remainder when i is divided by 16?
14
Let a be (-10)/(-15) + 4/3. Let v be (-80)/(-3) + 2/6. Suppose -a*r + 2*b + 54 = -0*b, r - v = 4*b. Calculate the remainder when r is divided by 14.
13
Let u = 1 - 1. Suppose u = 3*l - l - 42. What is the remainder when 2 + 0 - -30*2 is divided by l?
20
Suppose 5*d - 66 = 39. Calculate the remainder when 81 is divided by d.
18
Let a be (-19)/2 - (-2)/4. Let x(h) = h + 16. Let o(i) = i + 15. Let r(f) = 4*o(f) - 3*x(f). Calculate the remainder when 7 is divided by r(a).
1
Let v = 138 - 21. Calculate the remainder when v is divided by 20.
17
Suppose 24 = -3*w + 3*z - 6*z, 3*z + 8 = w. Let y = 8 - w. Calculate the remainder when 34 is divided by y.
10
Suppose -20 = 5*n, i + 3*n - 3 = 2*n. Calculate the remainder when i is divided by 1.
0
Calculate the remainder when (-1)/(((-28)/232)/7) is divided by 15.
13
Suppose -11 = -3*c - 2. What is the remainder when (2 - -2)/(-4)*(0 - 5) is divided by c?
2
Let k(o) = -3 - 58*o + 1 + 0. Suppose 29 = 2*w + v - 8, -w - 3*v + 16 = 0. Calculate the remainder when k(-1) is divided by w.
18
Let v be (2/(-5))/(3/(-30)). Suppose p = 2*p + 4*u - 18, -3*p + v*u = -22. Let a = 21 - -8. Calculate the remainder when a is divided by p.
9
Suppose 2*o + 28 = -4*q + 5*q, 120 = 5*q - 5*o. Calculate the remainder when q is divided by 8.
4
Let y(o) = -13*o - 7. Let d(r) = r + 6. Calculate the remainder when y(-2) is divided by d(5).
8
Let h = 68 - 41. Calculate the remainder when h is divided by 3.
0
Suppose -8 = 4*q, 6*d - 2*d = 2*q + 96. Let f = d - 16. What is the remainder when 20 is divided by f?
6
What is the remainder when (-35)/2*(-5 + 3) is divided by 12?
11
Let k(j) be the first derivative of -25*j**2/2 - 3. Suppose 32 = 5*t - 3. What is the remainder when k(-1) is divided by t?
4
Let l(o) = 11*o**2 - 4*o - 4. Calculate the remainder when 27 is divided by l(-1).
5
Suppose 3*o - m - 27 = 11, 5*o - 61 = 4*m. Let p = -6 + -4. Let l = 27 - p. What is the remainder when l is divided by o?
11
Suppose -2*n = -r + 71, -6*r + 5*r + 4*n + 67 = 0. Let o(w) = 2*w**2 + 5*w + 1. Calculate the remainder when r is divided by o(-5).
23
Suppose 0 = -6*t + 10*t - 32. What is the remainder when 70 is divided by t?
6
Let j(g) = 2*g**2 + 10*g + 8. Calculate the remainder when 77 is divided by j(-6).
17
Let t = 30 - 17. What is the remainder when 50 is divided by t?
11
Suppose 3*i - 4*z = 0, -6*i + i = -z. What is the remainder when 2/(-1) - i - -17 is divided by 1*-2 + (-6 - -16)?
7
Suppose 5*w + 117 - 532 = 0. What is the remainder when w is divided by 44?
39
Suppose f = m, -3*f + 5*m = f + 5. Suppose 2*s - 53 = -f*o + 4, -o - 5*s + 16 = 0. What is the remainder when o is divided by 6?
5
Suppose 21 = y - 5*g, 22 = 5*y + 5*g - 23. Calculate the remainder when 43 is divided by y.
10
Let i(t) = -t**3 - 7*t**2 - 17*t + 2. What is the remainder when 144 is divided by i(-5)?
33
What is the remainder when 16 is divided by 0 - 2 - (-2 - 6 - -1)?
1
Calculate the remainder when (57/(-12) - -5) + 1006/8 is divided by 16.
14
Suppose -5*h = -0 - 15. Calculate the remainder when (2/(-3))/(8/(-120)) is divided by h.
1
Let s(m) = m + 7. Let b be s(-6). Suppose 2*p = -3*i + 2*i + 6, -5*i - 10 = 0. What is the remainder when 13/2 + b/2 is divided by p?
3
Suppose -16 + 1 = -3*s. Let f(a) = 6*a - 5*a**2 - 3 + 4*a**2 + 0. Calculate the remainder when s is divided by f(5).
1
Suppose -16 + 1 = -5*p. Calculate the remainder when 122 is divided by (-92)/(-3) - p/(-9).
29
Let a(o) = o**2 + 7*o - 14. Let b be a(-10). What is the remainder when 11 is divided by b/24*42/4?
4
Suppose x - 365 = -4*p - 0*x, -2*p + 2*x + 190 = 0. Calculate the remainder when p is divided by 19.
16
Suppose 3*x - 118 = -x - 3*m, -x - 3*m + 25 = 0. What is the remainder when x is divided by 11?
9
Let o(r) = -2*r**2 + 7*r - 1. Let p be o(5). Let g = -9 - p. What is the remainder when 18 is divided by g?
4
Let m = 42 - 30. Calculate the remainder when (3/2)/((-18)/(-552)) is divided by m.
10
Let i = -16 - -42. Let q = i - 16. Suppose 0*o - 2*o = 2*x - 56, -2*x + 56 = o. Calculate the remainder when x is divided by q.
8
Let b be (0 - 35) + (2 - 1). Let v = b - -72. What is the remainder when v is divided by 13?
12
Let o(r) = -r + 25. Calculate the remainder when o(-3) is divided by 11.
6
Suppose 5*f + 2*d = 92, 0 = -3*f + 4*d - 3*d + 64. Suppose b - f = 3. Suppose t + 4*c = 8 - b, -4*t = -5*c - 24. Calculate the remainder when t is divided by 1.
0
Let d(y) = y**3 - 12*y**2 + 5*y - 18. Suppose 4*f - 32 = -4*l, 5*l = -3*f + 15 + 33. What is the remainder when d(l) is divided by 11?
9
Let m(v) = v + 23. Suppose 4*b + 20 = q, -3*q - 4 = -2*q + 4*b. Suppose -3*f = -j - j - 8, 4*f + q = -2*j. What is the remainder when m(f) is divided by 12?
11
Suppose -5*q = -3*h - 6 - 131, 120 = 4*q - 5*h. What is the remainder when 120 is divided by q?
20
Let a be (0 + 3 + -2)*5. Suppose 0 = -z + b - 3 + 20, a*b = -20. What is the remainder when 49 is divided by z?
10
Let h(b) = -4*b + 52. Let a be h(14). Let x(c) = 5*c - 11. Let r(g) = -3*g + 6. Let k(w) = 7*r(w) + 4*x(w). What is the remainder when 6 is divided by k(a)?
0
Let i(h) = h**2 - 2*h - 3. Let c be i(4). Suppose c*a - 205 - 40 = 0. What is the remainder when a is divided by 13?
10
Let h be (4/(-16)*0)/1. Let b(z) = -z**3 + z**2 + 8. What is the remainder when b(h) is divided by 2/8 - 19/(-4)?
3
What is the remainder when 6/(-21) + ((-7010)/(-35) - -3) is divided by 41?
39
Suppose 276 + 0 = -4*l. Let g = l + 156. Calculate the remainder when g is divided by 22.
21
Let u(t) = 12*t - 14. What is the remainder when u(7) is divided by 6?
4
Let q(n) = -n**3 + 5*n**2 + 4*n + 4. What is the remainder when q(5) is divided by 5?
4
L